{"id":1087,"date":"2023-05-03T15:48:15","date_gmt":"2023-05-03T13:48:15","guid":{"rendered":"https:\/\/www.belvederehotel-brest.fr\/randonnees\/"},"modified":"2023-12-07T14:49:54","modified_gmt":"2023-12-07T13:49:54","slug":"randonnees","status":"publish","type":"page","link":"https:\/\/www.belvederehotel-brest.fr\/en\/randonnees\/","title":{"rendered":"Hikes"},"content":{"rendered":"<p><div class=\"fusion-fullwidth fullwidth-box fusion-builder-row-1 fusion-flex-container hundred-percent-fullwidth non-hundred-percent-height-scrolling\" style=\"--awb-border-radius-top-left:0px;--awb-border-radius-top-right:0px;--awb-border-radius-bottom-right:0px;--awb-border-radius-bottom-left:0px;--awb-padding-right:3%;--awb-padding-left:3%;--awb-flex-wrap:wrap;\" ><div class=\"fusion-builder-row fusion-row fusion-flex-align-items-stretch fusion-flex-content-wrap\" style=\"width:104% !important;max-width:104% !important;margin-left: calc(-4% \/ 2 );margin-right: calc(-4% \/ 2 );\"><div class=\"fusion-layout-column fusion_builder_column fusion-builder-column-0 fusion_builder_column_1_2 1_2 fusion-flex-column\" style=\"--awb-padding-top:5%;--awb-padding-right:15%;--awb-padding-bottom:5%;--awb-padding-left:15%;--awb-bg-color:#9dc8db;--awb-bg-color-hover:#9dc8db;--awb-bg-size:cover;--awb-width-large:50%;--awb-margin-top-large:0px;--awb-spacing-right-large:1px;--awb-margin-bottom-large:0px;--awb-spacing-left-large:3.84%;--awb-width-medium:50%;--awb-order-medium:0;--awb-spacing-right-medium:1px;--awb-spacing-left-medium:3.84%;--awb-width-small:100%;--awb-order-small:0;--awb-spacing-right-small:1.92%;--awb-spacing-left-small:1.92%;\"><div class=\"fusion-column-wrapper fusion-column-has-shadow fusion-flex-justify-content-center fusion-content-layout-column\"><div class=\"fusion-text fusion-text-1\"><\/p>\n<h1><span style=\"color: #ffffff;\">Stays and hikes in Brittany on the customs trail<\/span><\/h1>\n<h5>The hotel, located in Brest, on the GR 34 and along the coastal cycle route, is the ideal starting point for your walking or cycling tours, whether for a weekend or a longer stay.<\/h5>\n<p>From the hotel, which overlooks the Brest harbour, to the Pointe Saint-Mathieu and its emblematic abbey, you will follow a coastline rich in exceptional military and maritime architectural heritage: Toulbroc&#8217;h, Petit Minou Lighthouse, Bertheaume&#8230;<br \/>Heading further to the north, accrosss the abers, you will discover the coastline of the Iroise sea and its wild coastline.<\/p>\n<p>The Route des Pingouins hotels and stopover g\u00eetes in Br\u00e9l\u00e8s and Porspoder will provide you with a comfortable stopover.<\/p>\n<p><strong>Hotel Le Belv\u00e9d\u00e8re services for hikers<\/strong><\/p>\n<ul>\n<li>Evening meals available on reservation (72 h in advance, except on Fridays, Saturdays and Sundays)<\/li>\n<li>Picnic baskets on reservation (72 h in advance, except Fridays, Saturdays and Sundays)<\/li>\n<li>Accueil V\u00e9lo certification in progress<\/li>\n<\/ul>\n<p>&nbsp;<\/p>\n<\/div><div style=\"text-align:center;\"><a class=\"fusion-button button-flat fusion-button-default-size button-default fusion-button-default button-1 fusion-button-default-span fusion-button-default-type\" target=\"_blank\" rel=\"noopener noreferrer\" href=\"https:\/\/www.laroutedespingouins.fr\/sejours-randonnees\/\"><span class=\"fusion-button-text\">DISCOVER OUR BREAKS &amp; HIKES<\/span><\/a><\/div><\/div><\/div><div class=\"fusion-layout-column fusion_builder_column fusion-builder-column-1 fusion_builder_column_1_2 1_2 fusion-flex-column\" style=\"--awb-bg-color:#ededed;--awb-bg-color-hover:#ededed;--awb-bg-size:cover;--awb-width-large:50%;--awb-margin-top-large:0px;--awb-spacing-right-large:3.84%;--awb-margin-bottom-large:0px;--awb-spacing-left-large:1px;--awb-width-medium:50%;--awb-spacing-right-medium:3.84%;--awb-spacing-left-medium:1px;--awb-width-small:100%;--awb-spacing-right-small:1.92%;--awb-spacing-left-small:1.92%;\"><div class=\"fusion-column-wrapper fusion-column-has-shadow fusion-flex-justify-content-flex-start fusion-content-layout-column\"><div class=\"fusion-image-element \" style=\"--awb-caption-title-font-family:var(--h2_typography-font-family);--awb-caption-title-font-weight:var(--h2_typography-font-weight);--awb-caption-title-font-style:var(--h2_typography-font-style);--awb-caption-title-size:var(--h2_typography-font-size);--awb-caption-title-transform:var(--h2_typography-text-transform);--awb-caption-title-line-height:var(--h2_typography-line-height);--awb-caption-title-letter-spacing:var(--h2_typography-letter-spacing);\"><span class=\" fusion-imageframe imageframe-none imageframe-1 hover-type-none\"><img width=\"1500\" height=\"1125\" title=\"phare_minou\" src=\"http:\/\/www.belvederehotel-brest.fr\/wp-content\/uploads\/2023\/05\/phare_minou.jpg\" alt class=\"img-responsive wp-image-924\" srcset=\"https:\/\/www.belvederehotel-brest.fr\/wp-content\/uploads\/2023\/05\/phare_minou-200x150.jpg 200w, https:\/\/www.belvederehotel-brest.fr\/wp-content\/uploads\/2023\/05\/phare_minou-400x300.jpg 400w, https:\/\/www.belvederehotel-brest.fr\/wp-content\/uploads\/2023\/05\/phare_minou-600x450.jpg 600w, https:\/\/www.belvederehotel-brest.fr\/wp-content\/uploads\/2023\/05\/phare_minou-800x600.jpg 800w, https:\/\/www.belvederehotel-brest.fr\/wp-content\/uploads\/2023\/05\/phare_minou-1200x900.jpg 1200w, https:\/\/www.belvederehotel-brest.fr\/wp-content\/uploads\/2023\/05\/phare_minou.jpg 1500w\" sizes=\"(max-width: 640px) 100vw, 600px\" \/><\/span><\/div><div class=\"fusion-separator fusion-full-width-sep\" style=\"align-self: center;margin-left: auto;margin-right: auto;margin-top:1px;width:100%;\"><\/div><div class=\"fusion-builder-row fusion-builder-row-inner fusion-row fusion-flex-align-items-stretch fusion-flex-content-wrap\" style=\"width:104% !important;max-width:104% !important;margin-left: calc(-4% \/ 2 );margin-right: calc(-4% \/ 2 );\"><div class=\"fusion-layout-column fusion_builder_column_inner fusion-builder-nested-column-0 fusion_builder_column_inner_1_2 1_2 fusion-flex-column\" style=\"--awb-bg-size:cover;--awb-width-large:50%;--awb-margin-top-large:0px;--awb-spacing-right-large:1px;--awb-margin-bottom-large:0px;--awb-spacing-left-large:3.84%;--awb-width-medium:50%;--awb-order-medium:0;--awb-spacing-right-medium:1px;--awb-spacing-left-medium:3.84%;--awb-width-small:100%;--awb-order-small:0;--awb-spacing-right-small:1.92%;--awb-spacing-left-small:1.92%;\"><div class=\"fusion-column-wrapper fusion-column-has-shadow fusion-flex-justify-content-flex-start fusion-content-layout-column\"><div class=\"fusion-image-element \" style=\"--awb-caption-title-font-family:var(--h2_typography-font-family);--awb-caption-title-font-weight:var(--h2_typography-font-weight);--awb-caption-title-font-style:var(--h2_typography-font-style);--awb-caption-title-size:var(--h2_typography-font-size);--awb-caption-title-transform:var(--h2_typography-text-transform);--awb-caption-title-line-height:var(--h2_typography-line-height);--awb-caption-title-letter-spacing:var(--h2_typography-letter-spacing);\"><span class=\" fusion-imageframe imageframe-none imageframe-2 hover-type-none\"><img width=\"750\" height=\"563\" title=\"phare_saint_mathieu\" src=\"http:\/\/www.belvederehotel-brest.fr\/wp-content\/uploads\/2023\/05\/phare_saint_mathieu.jpg\" alt class=\"img-responsive wp-image-925\" srcset=\"https:\/\/www.belvederehotel-brest.fr\/wp-content\/uploads\/2023\/05\/phare_saint_mathieu-200x150.jpg 200w, https:\/\/www.belvederehotel-brest.fr\/wp-content\/uploads\/2023\/05\/phare_saint_mathieu-400x300.jpg 400w, https:\/\/www.belvederehotel-brest.fr\/wp-content\/uploads\/2023\/05\/phare_saint_mathieu-600x450.jpg 600w, https:\/\/www.belvederehotel-brest.fr\/wp-content\/uploads\/2023\/05\/phare_saint_mathieu.jpg 750w\" sizes=\"(max-width: 640px) 100vw, 600px\" \/><\/span><\/div><\/div><\/div><div class=\"fusion-layout-column fusion_builder_column_inner fusion-builder-nested-column-1 fusion_builder_column_inner_1_2 1_2 fusion-flex-column\" style=\"--awb-bg-size:cover;--awb-width-large:50%;--awb-margin-top-large:0px;--awb-spacing-right-large:3.84%;--awb-margin-bottom-large:0px;--awb-spacing-left-large:0px;--awb-width-medium:50%;--awb-order-medium:0;--awb-spacing-right-medium:3.84%;--awb-spacing-left-medium:0px;--awb-width-small:100%;--awb-order-small:0;--awb-spacing-right-small:1.92%;--awb-spacing-left-small:1.92%;\"><div class=\"fusion-column-wrapper fusion-column-has-shadow fusion-flex-justify-content-flex-start fusion-content-layout-column\"><div class=\"fusion-image-element \" style=\"--awb-caption-title-font-family:var(--h2_typography-font-family);--awb-caption-title-font-weight:var(--h2_typography-font-weight);--awb-caption-title-font-style:var(--h2_typography-font-style);--awb-caption-title-size:var(--h2_typography-font-size);--awb-caption-title-transform:var(--h2_typography-text-transform);--awb-caption-title-line-height:var(--h2_typography-line-height);--awb-caption-title-letter-spacing:var(--h2_typography-letter-spacing);\"><span class=\" fusion-imageframe imageframe-none imageframe-3 hover-type-none\"><img width=\"750\" height=\"563\" title=\"presquile_saint_laurent\" src=\"http:\/\/www.belvederehotel-brest.fr\/wp-content\/uploads\/2023\/05\/presquile_saint_laurent.jpg\" alt class=\"img-responsive wp-image-926\" srcset=\"https:\/\/www.belvederehotel-brest.fr\/wp-content\/uploads\/2023\/05\/presquile_saint_laurent-200x150.jpg 200w, https:\/\/www.belvederehotel-brest.fr\/wp-content\/uploads\/2023\/05\/presquile_saint_laurent-400x300.jpg 400w, https:\/\/www.belvederehotel-brest.fr\/wp-content\/uploads\/2023\/05\/presquile_saint_laurent-600x450.jpg 600w, https:\/\/www.belvederehotel-brest.fr\/wp-content\/uploads\/2023\/05\/presquile_saint_laurent.jpg 750w\" sizes=\"(max-width: 640px) 100vw, 600px\" \/><\/span><\/div><\/div><\/div><\/div><\/div><\/div><\/div><\/div><div class=\"fusion-fullwidth fullwidth-box fusion-builder-row-2 fusion-flex-container nonhundred-percent-fullwidth non-hundred-percent-height-scrolling\" style=\"--awb-border-radius-top-left:0px;--awb-border-radius-top-right:0px;--awb-border-radius-bottom-right:0px;--awb-border-radius-bottom-left:0px;--awb-margin-top:0px;--awb-flex-wrap:wrap;\" ><div class=\"fusion-builder-row fusion-row fusion-flex-align-items-flex-start fusion-flex-content-wrap\" style=\"max-width:1144px;margin-left: calc(-4% \/ 2 );margin-right: calc(-4% \/ 2 );\"><div class=\"fusion-layout-column fusion_builder_column fusion-builder-column-2 fusion_builder_column_1_1 1_1 fusion-flex-column\" style=\"--awb-bg-size:cover;--awb-width-large:100%;--awb-margin-top-large:0px;--awb-spacing-right-large:1.92%;--awb-margin-bottom-large:0px;--awb-spacing-left-large:1.92%;--awb-width-medium:100%;--awb-spacing-right-medium:1.92%;--awb-spacing-left-medium:1.92%;--awb-width-small:100%;--awb-spacing-right-small:1.92%;--awb-spacing-left-small:1.92%;\"><div class=\"fusion-column-wrapper fusion-column-has-shadow fusion-flex-justify-content-flex-start fusion-content-layout-column\"><div class=\"fusion-text fusion-text-2\"><h4 style=\"text-align: center;\">Contacts<\/h4>\n<\/div><\/div><\/div><div class=\"fusion-layout-column fusion_builder_column fusion-builder-column-3 fusion_builder_column_1_2 1_2 fusion-flex-column\" style=\"--awb-bg-size:cover;--awb-width-large:50%;--awb-margin-top-large:0px;--awb-spacing-right-large:10px;--awb-margin-bottom-large:0px;--awb-spacing-left-large:3.84%;--awb-width-medium:50%;--awb-spacing-right-medium:10px;--awb-spacing-left-medium:3.84%;--awb-width-small:100%;--awb-spacing-right-small:1.92%;--awb-spacing-left-small:1.92%;\"><div class=\"fusion-column-wrapper fusion-column-has-shadow fusion-flex-justify-content-center fusion-content-layout-column\"><div class=\"fusion-text fusion-text-3\"><h5 style=\"text-align: center;\">Accueil V\u00e9lo accreditation underwayEmmanuel, for support in creating itinerant walking and cycling routes<\/h5>\n<p style=\"text-align: center;\"><a href=\"mailto:e.lemaitre@itirando.bzh\" target=\"_blank\" rel=\"noopener noreferrer\">e.lemaitre@itirando.bzh<\/a>\u00a0\u00a0\u00a0 |\u00a0\u00a0\u00a0 <a href=\"tel:+33687009017\">06 87 00 90 17<\/a><\/p>\n<\/div><\/div><\/div><div class=\"fusion-layout-column fusion_builder_column fusion-builder-column-4 fusion_builder_column_1_2 1_2 fusion-flex-column\" style=\"--awb-bg-size:cover;--awb-width-large:50%;--awb-margin-top-large:0px;--awb-spacing-right-large:10px;--awb-margin-bottom-large:0px;--awb-spacing-left-large:3.84%;--awb-width-medium:50%;--awb-spacing-right-medium:10px;--awb-spacing-left-medium:3.84%;--awb-width-small:100%;--awb-spacing-right-small:1.92%;--awb-spacing-left-small:1.92%;\"><div class=\"fusion-column-wrapper fusion-column-has-shadow fusion-flex-justify-content-center fusion-content-layout-column\"><div class=\"fusion-text fusion-text-4\"><h5 style=\"text-align: center;\">J\u00e9r\u00e9mie, for booking accommodation and meals<\/h5>\n<p style=\"text-align: center;\"><a href=\"mailto:jeremie@laroutedespingouins.fr\" target=\"_blank\" rel=\"noopener noreferrer\">jeremie@laroutedespingouins.fr<\/a>\u00a0\u00a0\u00a0 | \u00a0\u00a0 <a href=\"tel:+33298324393\">02 98 32 43 93<\/a><\/p>\n<\/div><\/div><\/div><\/div><\/div><\/p>","protected":false},"excerpt":{"rendered":"","protected":false},"author":1,"featured_media":0,"parent":0,"menu_order":0,"comment_status":"closed","ping_status":"closed","template":"100-width.php","meta":[],"_links":{"self":[{"href":"https:\/\/www.belvederehotel-brest.fr\/en\/wp-json\/wp\/v2\/pages\/1087"}],"collection":[{"href":"https:\/\/www.belvederehotel-brest.fr\/en\/wp-json\/wp\/v2\/pages"}],"about":[{"href":"https:\/\/www.belvederehotel-brest.fr\/en\/wp-json\/wp\/v2\/types\/page"}],"author":[{"embeddable":true,"href":"https:\/\/www.belvederehotel-brest.fr\/en\/wp-json\/wp\/v2\/users\/1"}],"replies":[{"embeddable":true,"href":"https:\/\/www.belvederehotel-brest.fr\/en\/wp-json\/wp\/v2\/comments?post=1087"}],"version-history":[{"count":7,"href":"https:\/\/www.belvederehotel-brest.fr\/en\/wp-json\/wp\/v2\/pages\/1087\/revisions"}],"predecessor-version":[{"id":1152,"href":"https:\/\/www.belvederehotel-brest.fr\/en\/wp-json\/wp\/v2\/pages\/1087\/revisions\/1152"}],"wp:attachment":[{"href":"https:\/\/www.belvederehotel-brest.fr\/en\/wp-json\/wp\/v2\/media?parent=1087"}],"curies":[{"name":"wp","href":"https:\/\/api.w.org\/{rel}","templated":true}]}}

<p><div class="fusion-fullwidth fullwidth-box fusion-builder-row-1 fusion-flex-container hundred-percent-fullwidth non-hundred-percent-height-scrolling" style="--awb-border-radius-top-left:0px;--awb-border-radius-top-right:0px;--awb-border-radius-bottom-right:0px;--awb-border-radius-bottom-left:0px;--awb-padding-right:3%;--awb-padding-left:3%;--awb-flex-wrap:wrap;" ><div class="fusion-builder-row fusion-row fusion-flex-align-items-stretch fusion-flex-content-wrap" style="width:104% !important;max-width:104% !important;margin-left: calc(-4% / 2 );margin-right: calc(-4% / 2 );"><div class="fusion-layout-column fusion_builder_column fusion-builder-column-0 fusion_builder_column_1_2 1_2 fusion-flex-column" style="--awb-padding-top:5%;--awb-padding-right:15%;--awb-padding-bottom:5%;--awb-padding-left:15%;--awb-bg-color:#9dc8db;--awb-bg-color-hover:#9dc8db;--awb-bg-size:cover;--awb-width-large:50%;--awb-margin-top-large:0px;--awb-spacing-right-large:1px;--awb-margin-bottom-large:0px;--awb-spacing-left-large:3.84%;--awb-width-medium:50%;--awb-order-medium:0;--awb-spacing-right-medium:1px;--awb-spacing-left-medium:3.84%;--awb-width-small:100%;--awb-order-small:0;--awb-spacing-right-small:1.92%;--awb-spacing-left-small:1.92%;"><div class="fusion-column-wrapper fusion-column-has-shadow fusion-flex-justify-content-center fusion-content-layout-column"><div class="fusion-text fusion-text-1"></p>
<h1><span style="color: #ffffff;">Stays and hikes in Brittany on the customs trail</span></h1>
<h5>The hotel, located in Brest, on the GR 34 and along the coastal cycle route, is the ideal starting point for your walking or cycling tours, whether for a weekend or a longer stay.</h5>
<p>From the hotel, which overlooks the Brest harbour, to the Pointe Saint-Mathieu and its emblematic abbey, you will follow a coastline rich in exceptional military and maritime architectural heritage: Toulbroc&#8217;h, Petit Minou Lighthouse, Bertheaume&#8230;<br />Heading further to the north, accrosss the abers, you will discover the coastline of the Iroise sea and its wild coastline.</p>
<p>The Route des Pingouins hotels and stopover gîtes in Brélès and Porspoder will provide you with a comfortable stopover.</p>
<p><strong>Hotel Le Belvédère services for hikers</strong></p>
<ul>
<li>Evening meals available on reservation (72 h in advance, except on Fridays, Saturdays and Sundays)</li>
<li>Picnic baskets on reservation (72 h in advance, except Fridays, Saturdays and Sundays)</li>
<li>Accueil Vélo certification in progress</li>
</ul>
<p>&nbsp;</p>
</div><div style="text-align:center;"><a class="fusion-button button-flat fusion-button-default-size button-default fusion-button-default button-1 fusion-button-default-span fusion-button-default-type" target="_blank" rel="noopener noreferrer" href="https://www.laroutedespingouins.fr/sejours-randonnees/"><span class="fusion-button-text">DISCOVER OUR BREAKS &amp; HIKES</span></a></div></div></div><div class="fusion-layout-column fusion_builder_column fusion-builder-column-1 fusion_builder_column_1_2 1_2 fusion-flex-column" style="--awb-bg-color:#ededed;--awb-bg-color-hover:#ededed;--awb-bg-size:cover;--awb-width-large:50%;--awb-margin-top-large:0px;--awb-spacing-right-large:3.84%;--awb-margin-bottom-large:0px;--awb-spacing-left-large:1px;--awb-width-medium:50%;--awb-spacing-right-medium:3.84%;--awb-spacing-left-medium:1px;--awb-width-small:100%;--awb-spacing-right-small:1.92%;--awb-spacing-left-small:1.92%;"><div class="fusion-column-wrapper fusion-column-has-shadow fusion-flex-justify-content-flex-start fusion-content-layout-column"><div class="fusion-image-element " style="--awb-caption-title-font-family:var(--h2_typography-font-family);--awb-caption-title-font-weight:var(--h2_typography-font-weight);--awb-caption-title-font-style:var(--h2_typography-font-style);--awb-caption-title-size:var(--h2_typography-font-size);--awb-caption-title-transform:var(--h2_typography-text-transform);--awb-caption-title-line-height:var(--h2_typography-line-height);--awb-caption-title-letter-spacing:var(--h2_typography-letter-spacing);"><span class=" fusion-imageframe imageframe-none imageframe-1 hover-type-none"><img width="1500" height="1125" title="phare_minou" src="http://www.belvederehotel-brest.fr/wp-content/uploads/2023/05/phare_minou.jpg" alt class="img-responsive wp-image-924" srcset="https://www.belvederehotel-brest.fr/wp-content/uploads/2023/05/phare_minou-200x150.jpg 200w, https://www.belvederehotel-brest.fr/wp-content/uploads/2023/05/phare_minou-400x300.jpg 400w, https://www.belvederehotel-brest.fr/wp-content/uploads/2023/05/phare_minou-600x450.jpg 600w, https://www.belvederehotel-brest.fr/wp-content/uploads/2023/05/phare_minou-800x600.jpg 800w, https://www.belvederehotel-brest.fr/wp-content/uploads/2023/05/phare_minou-1200x900.jpg 1200w, https://www.belvederehotel-brest.fr/wp-content/uploads/2023/05/phare_minou.jpg 1500w" sizes="(max-width: 640px) 100vw, 600px" /></span></div><div class="fusion-separator fusion-full-width-sep" style="align-self: center;margin-left: auto;margin-right: auto;margin-top:1px;width:100%;"></div><div class="fusion-builder-row fusion-builder-row-inner fusion-row fusion-flex-align-items-stretch fusion-flex-content-wrap" style="width:104% !important;max-width:104% !important;margin-left: calc(-4% / 2 );margin-right: calc(-4% / 2 );"><div class="fusion-layout-column fusion_builder_column_inner fusion-builder-nested-column-0 fusion_builder_column_inner_1_2 1_2 fusion-flex-column" style="--awb-bg-size:cover;--awb-width-large:50%;--awb-margin-top-large:0px;--awb-spacing-right-large:1px;--awb-margin-bottom-large:0px;--awb-spacing-left-large:3.84%;--awb-width-medium:50%;--awb-order-medium:0;--awb-spacing-right-medium:1px;--awb-spacing-left-medium:3.84%;--awb-width-small:100%;--awb-order-small:0;--awb-spacing-right-small:1.92%;--awb-spacing-left-small:1.92%;"><div class="fusion-column-wrapper fusion-column-has-shadow fusion-flex-justify-content-flex-start fusion-content-layout-column"><div class="fusion-image-element " style="--awb-caption-title-font-family:var(--h2_typography-font-family);--awb-caption-title-font-weight:var(--h2_typography-font-weight);--awb-caption-title-font-style:var(--h2_typography-font-style);--awb-caption-title-size:var(--h2_typography-font-size);--awb-caption-title-transform:var(--h2_typography-text-transform);--awb-caption-title-line-height:var(--h2_typography-line-height);--awb-caption-title-letter-spacing:var(--h2_typography-letter-spacing);"><span class=" fusion-imageframe imageframe-none imageframe-2 hover-type-none"><img width="750" height="563" title="phare_saint_mathieu" src="http://www.belvederehotel-brest.fr/wp-content/uploads/2023/05/phare_saint_mathieu.jpg" alt class="img-responsive wp-image-925" srcset="https://www.belvederehotel-brest.fr/wp-content/uploads/2023/05/phare_saint_mathieu-200x150.jpg 200w, https://www.belvederehotel-brest.fr/wp-content/uploads/2023/05/phare_saint_mathieu-400x300.jpg 400w, https://www.belvederehotel-brest.fr/wp-content/uploads/2023/05/phare_saint_mathieu-600x450.jpg 600w, https://www.belvederehotel-brest.fr/wp-content/uploads/2023/05/phare_saint_mathieu.jpg 750w" sizes="(max-width: 640px) 100vw, 600px" /></span></div></div></div><div class="fusion-layout-column fusion_builder_column_inner fusion-builder-nested-column-1 fusion_builder_column_inner_1_2 1_2 fusion-flex-column" style="--awb-bg-size:cover;--awb-width-large:50%;--awb-margin-top-large:0px;--awb-spacing-right-large:3.84%;--awb-margin-bottom-large:0px;--awb-spacing-left-large:0px;--awb-width-medium:50%;--awb-order-medium:0;--awb-spacing-right-medium:3.84%;--awb-spacing-left-medium:0px;--awb-width-small:100%;--awb-order-small:0;--awb-spacing-right-small:1.92%;--awb-spacing-left-small:1.92%;"><div class="fusion-column-wrapper fusion-column-has-shadow fusion-flex-justify-content-flex-start fusion-content-layout-column"><div class="fusion-image-element " style="--awb-caption-title-font-family:var(--h2_typography-font-family);--awb-caption-title-font-weight:var(--h2_typography-font-weight);--awb-caption-title-font-style:var(--h2_typography-font-style);--awb-caption-title-size:var(--h2_typography-font-size);--awb-caption-title-transform:var(--h2_typography-text-transform);--awb-caption-title-line-height:var(--h2_typography-line-height);--awb-caption-title-letter-spacing:var(--h2_typography-letter-spacing);"><span class=" fusion-imageframe imageframe-none imageframe-3 hover-type-none"><img width="750" height="563" title="presquile_saint_laurent" src="http://www.belvederehotel-brest.fr/wp-content/uploads/2023/05/presquile_saint_laurent.jpg" alt class="img-responsive wp-image-926" srcset="https://www.belvederehotel-brest.fr/wp-content/uploads/2023/05/presquile_saint_laurent-200x150.jpg 200w, https://www.belvederehotel-brest.fr/wp-content/uploads/2023/05/presquile_saint_laurent-400x300.jpg 400w, https://www.belvederehotel-brest.fr/wp-content/uploads/2023/05/presquile_saint_laurent-600x450.jpg 600w, https://www.belvederehotel-brest.fr/wp-content/uploads/2023/05/presquile_saint_laurent.jpg 750w" sizes="(max-width: 640px) 100vw, 600px" /></span></div></div></div></div></div></div></div></div><div class="fusion-fullwidth fullwidth-box fusion-builder-row-2 fusion-flex-container nonhundred-percent-fullwidth non-hundred-percent-height-scrolling" style="--awb-border-radius-top-left:0px;--awb-border-radius-top-right:0px;--awb-border-radius-bottom-right:0px;--awb-border-radius-bottom-left:0px;--awb-margin-top:0px;--awb-flex-wrap:wrap;" ><div class="fusion-builder-row fusion-row fusion-flex-align-items-flex-start fusion-flex-content-wrap" style="max-width:1144px;margin-left: calc(-4% / 2 );margin-right: calc(-4% / 2 );"><div class="fusion-layout-column fusion_builder_column fusion-builder-column-2 fusion_builder_column_1_1 1_1 fusion-flex-column" style="--awb-bg-size:cover;--awb-width-large:100%;--awb-margin-top-large:0px;--awb-spacing-right-large:1.92%;--awb-margin-bottom-large:0px;--awb-spacing-left-large:1.92%;--awb-width-medium:100%;--awb-spacing-right-medium:1.92%;--awb-spacing-left-medium:1.92%;--awb-width-small:100%;--awb-spacing-right-small:1.92%;--awb-spacing-left-small:1.92%;"><div class="fusion-column-wrapper fusion-column-has-shadow fusion-flex-justify-content-flex-start fusion-content-layout-column"><div class="fusion-text fusion-text-2"><h4 style="text-align: center;">Contacts</h4>
</div></div></div><div class="fusion-layout-column fusion_builder_column fusion-builder-column-3 fusion_builder_column_1_2 1_2 fusion-flex-column" style="--awb-bg-size:cover;--awb-width-large:50%;--awb-margin-top-large:0px;--awb-spacing-right-large:10px;--awb-margin-bottom-large:0px;--awb-spacing-left-large:3.84%;--awb-width-medium:50%;--awb-spacing-right-medium:10px;--awb-spacing-left-medium:3.84%;--awb-width-small:100%;--awb-spacing-right-small:1.92%;--awb-spacing-left-small:1.92%;"><div class="fusion-column-wrapper fusion-column-has-shadow fusion-flex-justify-content-center fusion-content-layout-column"><div class="fusion-text fusion-text-3"><h5 style="text-align: center;">Accueil Vélo accreditation underwayEmmanuel, for support in creating itinerant walking and cycling routes</h5>
<p style="text-align: center;"><a href="mailto:e.lemaitre@itirando.bzh" target="_blank" rel="noopener noreferrer">e.lemaitre@itirando.bzh</a>    |    <a href="tel:+33687009017">06 87 00 90 17</a></p>
</div></div></div><div class="fusion-layout-column fusion_builder_column fusion-builder-column-4 fusion_builder_column_1_2 1_2 fusion-flex-column" style="--awb-bg-size:cover;--awb-width-large:50%;--awb-margin-top-large:0px;--awb-spacing-right-large:10px;--awb-margin-bottom-large:0px;--awb-spacing-left-large:3.84%;--awb-width-medium:50%;--awb-spacing-right-medium:10px;--awb-spacing-left-medium:3.84%;--awb-width-small:100%;--awb-spacing-right-small:1.92%;--awb-spacing-left-small:1.92%;"><div class="fusion-column-wrapper fusion-column-has-shadow fusion-flex-justify-content-center fusion-content-layout-column"><div class="fusion-text fusion-text-4"><h5 style="text-align: center;">Jérémie, for booking accommodation and meals</h5>
<p style="text-align: center;"><a href="mailto:jeremie@laroutedespingouins.fr" target="_blank" rel="noopener noreferrer">jeremie@laroutedespingouins.fr</a>    |    <a href="tel:+33298324393">02 98 32 43 93</a></p>
</div></div></div></div></div></p>
